et c(v) be the second derivative of v**5/20 - v**4/12 - v**3/3 - v. Give c(r).
-8
Let z(r) = 2*r**2 - 5*r - 2. Let y(u) = 3*u**2 - 9*u - 4. Let j = 26 - 23. Let q(g) = j*y(g) - 5*z(g). Calculate q(-2).
-2
Let v(o) = -o**2 + 20*o - 5*o - 2*o - 15. Determine v(12).
-3
Suppose -4*d + 7*d - 2*q = -34, 4*d + 46 = 3*q. Let t(j) = -219*j - 9 + 111*j + 2 + 107*j. Give t(d).
3
Suppose 45 = -37*l + 52*l. Let g(c) = c**2 - 2*c. Calculate g(l).
3
Let t(g) = -g**3 - 7*g**2 - 6*g + 8. Let o = -216 + 210. Calculate t(o).
8
Suppose -4*i - 4 = s, -79*s - 12 = -82*s. Let v(w) = -16*w**2 - w - 1. Determine v(i).
-63
Let r(j) = -j**3 - j**2 + j. Let v(d) = 5*d**3 - 3*d**2 + 2*d - 5. Let l(h) = -4*r(h) - v(h). Let n be l(6). Let f(a) = 0*a - n*a + 5*a + a + 4. Give f(-6).
-2
Let c(j) be the second derivative of -5*j**4/12 + j**3/3 + 2*j**2 - 9*j. Let k(p) = -4*p**2 + p + 3. Let a(o) = 3*c(o) - 4*k(o). What is a(-3)?
3
Let z(i) = -3*i - 60 + 61 + 6*i. Let u = -6 - -7. Suppose 0 = -a - 1 - u, 2*d + 4*a + 10 = 0. Give z(d).
-2
Let w(x) = -5*x**3 - x - 1. Suppose 0*c - 5*k + 24 = c, 3*c - 2 = -k. Give w(c).
5
Suppose -36*s - 68 - 4 = 0. Let p(o) = 25*o. Give p(s).
-50
Suppose -b + 378 = 3*b - w, -5*b - 4*w + 483 = 0. Let p = 98 - b. Let q(u) be the third derivative of -u**5/60 - u**3/2 - 2*u**2. Calculate q(p).
-12
Suppose 10*t - 15 = 7*t. Let c(w) = -7*w - w**3 - 7*w**2 - t*w**2 + 3*w + 7*w**2. Calculate c(-3).
-6
Let h = 53 - 53. Let o(n) = n + 39. What is o(h)?
39
Let b(h) = -h + 2. Let x(o) = o**3 - 12*o**2 + 12*o - 12. Let k be x(11). Let w be 3/(k + 5/10). Determine b(w).
8
Let r(a) = -a + 0 + 2 + 3 + 4 - 6. Let v = 5 + -8. Give r(v).
6
Suppose -a = 5*w + 3*a - 37, -2*w - a + 13 = 0. Let k be ((-1)/1)/(w/(-15)). Suppose 4*p - 1 = 3*y - 8, -k*p - 19 = -5*y. Let h(x) = 3*x - 3. Calculate h(p).
3
Let l(b) = -7*b - 4*b + 2*b - b - 43 + 8*b. Determine l(-21).
-1
Let u be (40/(-24))/(3/(-9)*-1). Let d = -2 - u. Let m(j) = -11 + 2*j**2 + 4*j + 8 - 3*j**2. Determine m(d).
0
Let n(h) = -h**2. Let s(m) = -4*m**2 + m. Let u(i) = -5*n(i) - s(i). Let f = -30 + -4. Let o = f + 33. What is u(o)?
10
Let d(m) = -7*m**3 + 9*m**2 + 9*m + 1. Let c(a) = 8*a**3 - 10*a**2 - 10*a - 1. Let z(h) = 6*c(h) + 7*d(h). What is z(4)?
-3
Let v(a) = -5*a**3 - 13*a**2 + 10*a - 10. Let y(m) = 3*m**3 + 9*m**2 - 7*m + 7. Let f(t) = -5*v(t) - 7*y(t). Determine f(1).
6
Suppose -4 = 84*g - 80*g. Let l(t) = 7*t + 1. Give l(g).
-6
Let h(u) = -11*u - 11*u + 24*u. Let m = -169 + 166. Give h(m).
-6
Let k(i) = -2*i + 2. Let n(m) = -m - 15. Let z be n(-10). Let v(p) = -2*p + 2. Let a(h) = z*v(h) + 4*k(h). What is a(4)?
6
Let v(c) = -c**3 - 6*c**2 - 7*c. Suppose 6*y - 3*x + 17 + 19 = 0, 5*y + x + 23 = 0. What is v(y)?
10
Let z(a) = -12*a + 39*a + 1 - 26*a. Suppose o + 3*o = 12. What is z(o)?
4
Suppose 3*a - 4*m = 104, -2*a - 3*m + 34 = -41. Suppose -a = -u - 5*u. Let o(t) = -t - 8. Calculate o(u).
-14
Let c(d) be the third derivative of 0*d**4 + 4*d**2 - 1/30*d**5 + 1/30*d**6 + 0 + 1/6*d**3 + 0*d. Calculate c(-1).
-5
Let c be ((-6)/5)/(834/(-75) - -11). Let z(s) = s - 13. Calculate z(c).
-3
Let c(r) = r + 6. Suppose 0*p - 8 = 2*s + 3*p, -4*p = 4*s + 16. Let v be (-6)/(-8)*2*s. Determine c(v).
0
Suppose k = -0*k + 3. Let u(j) be the second derivative of j**5/20 - j**4/3 - j**3/3 + 3*j**2/2 - 16*j - 2. What is u(k)?
-12
Let s(j) = -j**3 + j**2 - j + 2. Let a(h) = 5*h**3 - 32*h**2 - 17*h + 45. Let z(k) = a(k) + 6*s(k). Calculate z(-25).
7
Let c = 430 + -427. Let o(q) = -8*q + 1. Calculate o(c).
-23
Let t(b) be the second derivative of b**3 - 1/12*b**4 + 0 - 2*b**2 + 44*b. Calculate t(8).
-20
Suppose 52 = 2*m - 34. Let o(h) = -8*h**2 - h**3 + m*h - 19*h - 23*h + 9 + h**2. What is o(-7)?
2
Suppose 2*y - 376 = 4*q, 0*q = q - 4. Let v(p) = -y*p + 0 + 200*p + 0. Determine v(1).
4
Let m(i) be the second derivative of 5*i**3/6 + 5*i**2/2 + 8*i - 1. Determine m(-3).
-10
Let c(x) = -6*x**3 + 12*x - 7 - x + 5*x**3 - 10*x**2. Suppose 2*v + 110 = -8*v. Calculate c(v).
-7
Let o(q) be the third derivative of -q**6/360 + q**5/30 + 5*q**4/24 + 11*q**3/2 + 46*q**2. Let p(c) be the first derivative of o(c). Calculate p(5).
0
Let g(x) = 13*x - 7. Let p(m) = -15*m + 9. Let c(o) = -5*g(o) - 4*p(o). Suppose -3 = -l - 4. What is c(l)?
4
Suppose -2*o + 50 = 3*h, -3*o - h + 82 = -0*h. Let r = -22 + o. Let u(v) = -v**3 + 7*v**2 - 6*v + 5. What is u(r)?
5
Let o(g) be the third derivative of g**4/24 - 8*g**3/3 - g**2. Let a(k) = -12*k**3 - 1. Let q be a(-1). Let x be o(q). Let r(z) = z + 7. Determine r(x).
2
Let h be (3/9)/(3 - 51/18). Let j(d) = -91*d**2 - 7*d + d**3 - 2*d**3 - h + 99*d**2. Determine j(7).
-2
Let l be (-8 + 3)*(-2 + 3). Let s(a) = -4*a**2 + 9*a - 4. Suppose 0 = 2*i - 5*i + 3. Let v(f) = -f**2 + f - 1. Let b(t) = i*s(t) - 5*v(t). Determine b(l).
6
Let p(g) = -g**3 + 3*g**2 - g - 2. Let n be -1*3*(-7 + (-1 - -7)). Calculate p(n).
-5
Suppose y + 0 = -5. Let p(u) be the second derivative of u**5/20 + 5*u**4/12 - u**3/6 - 7*u**2/2 - 470*u. What is p(y)?
-2
Let d(x) = 1. Let o(g) = g - 9. Let a(l) = 6*d(l) + o(l). Suppose -5 - 4 = -3*m. Suppose 0*w = -m*w. What is a(w)?
-3
Let t = -5 + 1. Let u = 893 + -887. Let q = t + u. Let j(g) = g**2 - 4*g + 2. What is j(q)?
-2
Suppose -2*h + 2 = -2, h = b + 8. Let k(l) = l + 14. Calculate k(b).
8
Let b(v) = 5*v**2 + 15*v + 6. Let m be b(-3). Let j(a) = -2*a**2 + 11*a + 8. Calculate j(m).
2
Let j(g) = 20*g**2 + 26*g + 54. Let u(t) = -7*t**2 - 9*t - 19. Let c(l) = -6*j(l) - 17*u(l). Suppose 3*q - 5 = 4*q. Give c(q).
-11
Let w = 6 + -7. Let a be -2 - (0 + 5/w). Let k(t) = -3*t + t + 3*t - a - 3*t. Determine k(-2).
1
Let c(i) = -8*i - 12. Let q(h) = -7*h - 12. Suppose -12*t + 0*t = -72. Let y(g) = t*c(g) - 7*q(g). Calculate y(-10).
2
Let u(j) = j. Let a(o) = 18*o. Let b(c) = -a(c) + 12*u(c). Suppose i - 3*i = 0. Let m be 2/2 + i - 3. What is b(m)?
12
Suppose 16*x + 2*x = -18. Let s(g) = -7*g. Calculate s(x).
7
Let s = 220 - 208. Let j(p) = p**3 - 11*p**2 - 12*p - 5. What is j(s)?
-5
Let c(z) be the third derivative of 1/120*z**6 + 11/6*z**3 + 0*z**4 + 24*z**2 + 0 + 0*z + 0*z**5. Give c(0).
11
Let d(l) = 2*l. Let x = 102 - 210. Let c be x/(-30)*20/6. Let n = c - 10. Calculate d(n).
4
Let z(o) = 7*o**2 + 4*o - 8. Let a(b) = 11*b**2 + 6*b - 12. Let t(v) = 5*a(v) - 8*z(v). Determine t(-4).
-4
Suppose -k + 5*k = 16. Let f be 10/30 - 34/3. Let n(l) = 3*l - 3. Let o(c) = -16*c + 16. Let a(q) = f*n(q) - 2*o(q). Calculate a(k).
-3
Suppose -5*n - 3*c = -14, 2*c - 14 = -4*n - 4. Let w(t) = -n + t**3 + 1706*t - 1706*t. Let z(v) = -v + 4. Let r be z(4). Determine w(r).
-1
Let t(a) be the first derivative of -5/2*a**2 - 3*a - 1/6*a**3 - 9. Let g(c) be the first derivative of t(c). Determine g(-6).
1
Let u(h) = h**2 + 6*h - 7. Let k(j) = 3*j**3 + 4*j**2 + 4*j + 3. Let z be k(-3). Let t = 28 + z. Let p = -32 - t. Determine u(p).
-7
Suppose 297 = -3*h + m, 4*h + 2*m + m = -396. Let j be h/(-44) + (0 - 3/(-4)). Let l(g) = -g**2 + 5*g - 1. Give l(j).
5
Let g(m) = -100*m - m**3 + 7 + 4*m**2 - 96*m + 4 + 193*m. Calculate g(4).
-1
Let o(v) be the second derivative of 1/2*v**2 - 13*v + 5/4*v**4 + 0 + 1/6*v**3. Determine o(-1).
15
Let c(r) = 2 + 5*r**2 + 0 - 4 - r**3 + r - 1. Determine c(5).
2
Let y(t) = -t + 1. Let d(w) = -w + 3. Let a(h) = -h. Let p(r) = -2*a(r) + d(r). Let o(f) = p(f) - 2*y(f). Calculate o(-3).
-8
Suppose -8*x + 2*x - 840 = 0. Let b = x - -134. Let d(a) = a**3 + 7*a**2 + 6*a + 9. Give d(b).
9
Let p = 268 - 273. Let d(j) = j**3 + 7*j**2 + 7*j + 2. What is d(p)?
17
Suppose 0*p = 2*m - p - 49, -5*p + 130 = 5*m. Suppose -2*o - m = 5*z, z - 4*o - 4 + 9 = 0. Let i(q) = 3 + 3*q**2 + 3 - 3*q - 4*q**2. Calculate i(z).
-4
Let d(k) = -1 + k - 698*k**2 + 1392*k**2 - 695*k**2. Let t be 6/(-4)*4/(-6). Determine d(t).
-1
Let r(k) = 10*k - 14. Let q(o) = -12*o + 16. Let s(h) = -4*q(h) - 5*r(h). Determine s(7).
-8
Let b = 7 + 5. Suppose b*j = 9*j. Let a(l) be the second derivative of -l**4/12 - l**3/6 - 9*l**2/2 + 13*l. Calculate a(j).
-9
Let l(q) be the first derivative of -q**3/3 + 13*q - 42. Give l(0).
13
Let x(o) = -2*o**2 + 5. Let i be x(0). Suppose -7 = -3*p + 5. Let h(j) = 2*j - 3. Let r(a) = 6*a - 10. Let d(u) = p*r(u) - 11*h(u). Calculate d(i).
3
Let m(i) = 3*i + 18. Suppose 16*j + 90 = j. Calculate 